{"id":136,"date":"2024-08-31T18:49:11","date_gmt":"2024-08-31T16:49:11","guid":{"rendered":"https:\/\/calvados-quebec.fr\/?page_id=136"},"modified":"2025-08-28T15:31:45","modified_gmt":"2025-08-28T13:31:45","slug":"les-jumelages","status":"publish","type":"page","link":"https:\/\/calvados-quebec.fr\/index.php\/les-jumelages\/","title":{"rendered":"Les Jumelages"},"content":{"rendered":"\n<p>Dans ce tableau figurent les jumelages dans le d\u00e9partement du Calvados&nbsp;avec des villes du Canada&nbsp;: avec l&rsquo;objet des jumelages et la date de signature.<\/p>\n\n\n\n<figure class=\"wp-block-image size-large is-resized\"><img loading=\"lazy\" decoding=\"async\" width=\"1024\" height=\"683\" src=\"https:\/\/calvados-quebec.fr\/wp-content\/uploads\/2024\/08\/fathers-day-2135265_1920-1024x683.jpg\" alt=\"jumelage France-Qu\u00e9bec\" class=\"wp-image-138\" style=\"width:1206px;height:auto\" srcset=\"https:\/\/calvados-quebec.fr\/wp-content\/uploads\/2024\/08\/fathers-day-2135265_1920-1024x683.jpg 1024w, https:\/\/calvados-quebec.fr\/wp-content\/uploads\/2024\/08\/fathers-day-2135265_1920-300x200.jpg 300w, https:\/\/calvados-quebec.fr\/wp-content\/uploads\/2024\/08\/fathers-day-2135265_1920-768x512.jpg 768w, https:\/\/calvados-quebec.fr\/wp-content\/uploads\/2024\/08\/fathers-day-2135265_1920-1536x1024.jpg 1536w, https:\/\/calvados-quebec.fr\/wp-content\/uploads\/2024\/08\/fathers-day-2135265_1920.jpg 1920w\" sizes=\"auto, (max-width: 1024px) 100vw, 1024px\" \/><\/figure>\n\n\n\n<figure class=\"wp-block-table aligncenter\"><table class=\"has-fixed-layout\"><tbody><tr><td><a href=\"https:\/\/pastel.diplomatie.gouv.fr\/cncdext\/dyn\/public\/atlas\/rechercheAtlasFrance.html?criteres.collectiviteId=24922\">Falaise<\/a><\/td><td><a href=\"https:\/\/pastel.diplomatie.gouv.fr\/cncdext\/dyn\/public\/atlas\/detailPartenaire.html?criteres.ptrId=8236\">Alma (Qu\u00e9bec)<\/a><\/td><td>Culture et Patrimoine<\/td><td>1969 \/ 1969<\/td><\/tr><tr><td><a href=\"https:\/\/pastel.diplomatie.gouv.fr\/cncdext\/dyn\/public\/atlas\/rechercheAtlasFrance.html?criteres.collectiviteId=29071\">Saint-Aubin-sur-Mer<\/a><\/td><td><a href=\"https:\/\/pastel.diplomatie.gouv.fr\/cncdext\/dyn\/public\/atlas\/detailPartenaire.html?criteres.ptrId=11437\">Bathurst<\/a><\/td><td>Culture et Patrimoine<\/td><td>1984 \/ 1984<\/td><\/tr><tr><td><a href=\"https:\/\/pastel.diplomatie.gouv.fr\/cncdext\/dyn\/public\/atlas\/rechercheAtlasFrance.html?criteres.collectiviteId=28848\">Berni\u00e8res-sur-Mer<\/a><\/td><td><a href=\"https:\/\/pastel.diplomatie.gouv.fr\/cncdext\/dyn\/public\/atlas\/detailPartenaire.html?criteres.ptrId=6471\">Berni\u00e8res (Qu\u00e9bec)<\/a><\/td><td>Culture et Patrimoine<\/td><td>1975 \/ 1975<\/td><\/tr><tr><td><a href=\"https:\/\/pastel.diplomatie.gouv.fr\/cncdext\/dyn\/public\/atlas\/rechercheAtlasFrance.html?criteres.collectiviteId=26584\">Cabourg<\/a><\/td><td><a href=\"https:\/\/pastel.diplomatie.gouv.fr\/cncdext\/dyn\/public\/atlas\/detailPartenaire.html?criteres.ptrId=6441\">Bromont (Qu\u00e9bec)<\/a><\/td><td>Culture et Patrimoine<\/td><td>1976 \/ 1976<\/td><\/tr><tr><td><a href=\"https:\/\/pastel.diplomatie.gouv.fr\/cncdext\/dyn\/public\/atlas\/rechercheAtlasFrance.html?criteres.collectiviteId=23904\">Caen<\/a><\/td><td><a href=\"https:\/\/pastel.diplomatie.gouv.fr\/cncdext\/dyn\/public\/atlas\/detailPartenaire.html?criteres.ptrId=15309\">L\u00e9vis<\/a><\/td><td>Education, Social et Recherche<\/td><td>2019 \/ 2019<\/td><\/tr><tr><td><a href=\"https:\/\/pastel.diplomatie.gouv.fr\/cncdext\/dyn\/public\/atlas\/rechercheAtlasFrance.html?criteres.collectiviteId=27461\">Hermanville sur Mer<\/a><\/td><td><a href=\"https:\/\/pastel.diplomatie.gouv.fr\/cncdext\/dyn\/public\/atlas\/detailPartenaire.html?criteres.ptrId=6462\">Nominingue (Qu\u00e9bec)<\/a><\/td><td>Culture et Patrimoine<\/td><td>2002 \/ 2002<\/td><\/tr><tr><td><a href=\"https:\/\/pastel.diplomatie.gouv.fr\/cncdext\/dyn\/public\/atlas\/rechercheAtlasFrance.html?criteres.collectiviteId=26349\">Courseulles-sur-Mer<\/a><\/td><td><a href=\"https:\/\/pastel.diplomatie.gouv.fr\/cncdext\/dyn\/public\/atlas\/detailPartenaire.html?criteres.ptrId=8235\">Rigaud (Qu\u00e9bec)<\/a><\/td><td>Culture et Patrimoine<\/td><td>1990 \/ 1990<\/td><\/tr><tr><td><a href=\"https:\/\/pastel.diplomatie.gouv.fr\/cncdext\/dyn\/public\/atlas\/rechercheAtlasFrance.html?criteres.collectiviteId=24219\">Lisieux<\/a><\/td><td><a href=\"https:\/\/pastel.diplomatie.gouv.fr\/cncdext\/dyn\/public\/atlas\/detailPartenaire.html?criteres.ptrId=11461\">Saint Georges<\/a><\/td><td>Culture et Patrimoine<\/td><td>1995 \/ 1995<\/td><\/tr><tr><td><a href=\"https:\/\/pastel.diplomatie.gouv.fr\/cncdext\/dyn\/public\/atlas\/rechercheAtlasFrance.html?criteres.collectiviteId=25591\">Trouville sur Mer<\/a><\/td><td><a href=\"https:\/\/pastel.diplomatie.gouv.fr\/cncdext\/dyn\/public\/atlas\/detailPartenaire.html?criteres.ptrId=14207\">SPIRA&nbsp;<\/a>,&nbsp;<a href=\"https:\/\/pastel.diplomatie.gouv.fr\/cncdext\/dyn\/public\/atlas\/detailPartenaire.html?criteres.ptrId=8245\">Ville de Qu\u00e9bec<\/a><\/td><td>Culture et Patrimoine<\/td><td>2016 \/ 2017<\/td><\/tr><\/tbody><\/table><\/figure>\n\n\n\n<div class=\"wp-block-group\"><div class=\"wp-block-group__inner-container is-layout-constrained wp-block-group-is-layout-constrained\">\n<div class=\"wp-block-columns is-layout-flex wp-container-core-columns-is-layout-9d6595d7 wp-block-columns-is-layout-flex\">\n<div class=\"wp-block-column is-layout-flow wp-block-column-is-layout-flow\" style=\"flex-basis:100%\">\n<p>Cliquez sur le nom de chaque commune, qui renvoie vers la fiche du descriptif de la coop\u00e9ration d\u00e9centralis\u00e9e avec une r\u00e9gion du Qu\u00e9bec. Il n\u2019est pas exclu qu\u2019il en existe d\u2019autres qui ne figurent pas sur l\u2019atlas.<\/p>\n<\/div>\n<\/div>\n<\/div><\/div>\n\n\n\n<p>Plus d&rsquo;infos : <a href=\"mailto:contact@calvados-quebec.fr\">contact@calvados-quebec.fr<\/a><\/p>\n\n\n<div class=\"wp-block-image\">\n<figure class=\"aligncenter size-large is-resized\"><img loading=\"lazy\" decoding=\"async\" width=\"1024\" height=\"870\" src=\"https:\/\/calvados-quebec.fr\/wp-content\/uploads\/2023\/09\/cropped-photo-site-1024x870.png\" alt=\"logo calvados-quebec\" class=\"wp-image-62\" style=\"width:268px;height:auto\" srcset=\"https:\/\/calvados-quebec.fr\/wp-content\/uploads\/2023\/09\/cropped-photo-site-1024x870.png 1024w, https:\/\/calvados-quebec.fr\/wp-content\/uploads\/2023\/09\/cropped-photo-site-300x255.png 300w, https:\/\/calvados-quebec.fr\/wp-content\/uploads\/2023\/09\/cropped-photo-site-768x653.png 768w, https:\/\/calvados-quebec.fr\/wp-content\/uploads\/2023\/09\/cropped-photo-site-1536x1305.png 1536w, https:\/\/calvados-quebec.fr\/wp-content\/uploads\/2023\/09\/cropped-photo-site.png 1998w\" sizes=\"auto, (max-width: 1024px) 100vw, 1024px\" \/><figcaption class=\"wp-element-caption\">Association Calvados-Qu\u00e9bec<\/figcaption><\/figure>\n<\/div>\n\n\n<figure class=\"wp-block-image size-large\"><img loading=\"lazy\" decoding=\"async\" width=\"1024\" height=\"538\" src=\"https:\/\/calvados-quebec.fr\/wp-content\/uploads\/2025\/08\/accueil-meta-1024x538.jpg\" alt=\"\" class=\"wp-image-285\" srcset=\"https:\/\/calvados-quebec.fr\/wp-content\/uploads\/2025\/08\/accueil-meta-1024x538.jpg 1024w, https:\/\/calvados-quebec.fr\/wp-content\/uploads\/2025\/08\/accueil-meta-300x158.jpg 300w, https:\/\/calvados-quebec.fr\/wp-content\/uploads\/2025\/08\/accueil-meta-768x403.jpg 768w, https:\/\/calvados-quebec.fr\/wp-content\/uploads\/2025\/08\/accueil-meta.jpg 1200w\" sizes=\"auto, (max-width: 1024px) 100vw, 1024px\" \/><\/figure>\n\n\n\n<p>Jumelage avec la ville de LEVIS-QUEBEC<\/p>\n\n\n\n<p><\/p>\n","protected":false},"excerpt":{"rendered":"<p>Dans ce tableau figurent les jumelages dans le d\u00e9partement du Calvados&nbsp;avec des villes du Canada&nbsp;: avec l&rsquo;objet des jumelages et la date de signature. Falaise Alma (Qu\u00e9bec) Culture et Patrimoine 1969 \/ 1969 Saint-Aubin-sur-Mer Bathurst Culture et Patrimoine 1984 \/ 1984 Berni\u00e8res-sur-Mer Berni\u00e8res (Qu\u00e9bec) Culture et Patrimoine 1975 \/ 1975 Cabourg Bromont (Qu\u00e9bec) Culture et&#8230;<\/p>\n","protected":false},"author":1,"featured_media":137,"parent":0,"menu_order":0,"comment_status":"closed","ping_status":"closed","template":"","meta":{"_kad_post_transparent":"","_kad_post_title":"","_kad_post_layout":"","_kad_post_sidebar_id":"","_kad_post_content_style":"","_kad_post_vertical_padding":"","_kad_post_feature":"","_kad_post_feature_position":"","_kad_post_header":false,"_kad_post_footer":false,"footnotes":""},"class_list":["post-136","page","type-page","status-publish","has-post-thumbnail","hentry"],"_links":{"self":[{"href":"https:\/\/calvados-quebec.fr\/index.php\/wp-json\/wp\/v2\/pages\/136","targetHints":{"allow":["GET"]}}],"collection":[{"href":"https:\/\/calvados-quebec.fr\/index.php\/wp-json\/wp\/v2\/pages"}],"about":[{"href":"https:\/\/calvados-quebec.fr\/index.php\/wp-json\/wp\/v2\/types\/page"}],"author":[{"embeddable":true,"href":"https:\/\/calvados-quebec.fr\/index.php\/wp-json\/wp\/v2\/users\/1"}],"replies":[{"embeddable":true,"href":"https:\/\/calvados-quebec.fr\/index.php\/wp-json\/wp\/v2\/comments?post=136"}],"version-history":[{"count":6,"href":"https:\/\/calvados-quebec.fr\/index.php\/wp-json\/wp\/v2\/pages\/136\/revisions"}],"predecessor-version":[{"id":286,"href":"https:\/\/calvados-quebec.fr\/index.php\/wp-json\/wp\/v2\/pages\/136\/revisions\/286"}],"wp:featuredmedia":[{"embeddable":true,"href":"https:\/\/calvados-quebec.fr\/index.php\/wp-json\/wp\/v2\/media\/137"}],"wp:attachment":[{"href":"https:\/\/calvados-quebec.fr\/index.php\/wp-json\/wp\/v2\/media?parent=136"}],"curies":[{"name":"wp","href":"https:\/\/api.w.org\/{rel}","templated":true}]}}